{"id":8484,"date":"2021-08-09T14:51:58","date_gmt":"2021-08-09T12:51:58","guid":{"rendered":"https:\/\/www.asme.cat\/cemlaverneda\/?page_id=8484"},"modified":"2022-06-28T09:38:44","modified_gmt":"2022-06-28T07:38:44","slug":"politica-de-cookies","status":"publish","type":"page","link":"https:\/\/www.asme.cat\/cemlaverneda\/politica-de-cookies\/","title":{"rendered":"Pol\u00edtica de cookies"},"content":{"rendered":"[vc_row type=\u00bbin_container\u00bb full_screen_row_position=\u00bbmiddle\u00bb column_margin=\u00bbdefault\u00bb column_direction=\u00bbdefault\u00bb column_direction_tablet=\u00bbdefault\u00bb column_direction_phone=\u00bbdefault\u00bb scene_position=\u00bbcenter\u00bb text_color=\u00bbdark\u00bb text_align=\u00bbleft\u00bb row_border_radius=\u00bbnone\u00bb row_border_radius_applies=\u00bbbg\u00bb overlay_strength=\u00bb0.3&#8243; gradient_direction=\u00bbleft_to_right\u00bb shape_divider_position=\u00bbbottom\u00bb bg_image_animation=\u00bbnone\u00bb][vc_column column_padding=\u00bbno-extra-padding\u00bb column_padding_tablet=\u00bbinherit\u00bb column_padding_phone=\u00bbinherit\u00bb column_padding_position=\u00bball\u00bb background_color_opacity=\u00bb1&#8243; background_hover_color_opacity=\u00bb1&#8243; column_shadow=\u00bbnone\u00bb column_border_radius=\u00bbnone\u00bb column_link_target=\u00bb_self\u00bb gradient_direction=\u00bbleft_to_right\u00bb overlay_strength=\u00bb0.3&#8243; width=\u00bb1\/1&#8243; tablet_width_inherit=\u00bbdefault\u00bb tablet_text_alignment=\u00bbdefault\u00bb phone_text_alignment=\u00bbdefault\u00bb column_border_width=\u00bbnone\u00bb column_border_style=\u00bbsolid\u00bb bg_image_animation=\u00bbnone\u00bb][vc_column_text]Aquest web utilitza cookies pr\u00f2pies i de tercers per oferir-li una millor experi\u00e8ncia i servei . En navegar o utilitzar els nostres serveis l\u2019usuari accepta l\u2019\u00fas que fem de les\u2019 cookies\u2019 . No obstant aix\u00f2, l\u2019usuari t\u00e9 l\u2019opci\u00f3 d\u2019impedir la generaci\u00f3 de cookies i l\u2019eliminaci\u00f3 de les mateixes mitjan\u00e7ant la selecci\u00f3 de la corresponent opci\u00f3 en el seu navegador . En cas de bloquejar l\u2019\u00fas de cookies en el seu navegador \u00e9s possible que alguns serveis o funcionalitats de la p\u00e0gina web no estiguin disponibles .<\/p>\n<p>L\u2019\u00fas de les galetes es regeix per les obligacions previstes en l\u2019apartat segon de l\u2019article 22 de la Llei 34\/2002, d\u201911 de juliol, de serveis de la societat de la informaci\u00f3 i de comer\u00e7 electr\u00f2nic (en endavant, LSSI), en relaci\u00f3 amb el Reglament (UE) 2016\/679 del Parlament Europeu i del Consell, de 27 d\u2019abril de 2016, General de Protecci\u00f3 de Dades (en endavant, RGPD) i la Llei Org\u00e0nica 3\/2018, de 5 de desembre, de Protecci\u00f3 de Dades i garantia dels drets digitals (en endavant, LOPDGDD).<\/p>\n<p>&nbsp;<\/p>\n<p><strong>Qu\u00e8 \u00e9s una cookie ?\u00a0<\/strong><\/p>\n<p>&nbsp;<\/p>\n<p>Una \u2018cookie\u2019 \u00e9s un petit fragment de text que els llocs web envien al navegador i que s\u2019emmagatzemen en el terminal de l\u2019usuari, el qual pot ser un ordinador personal, un tel\u00e8fon m\u00f2bil, una tableta, etc . Aquests arxius permeten que el lloc web recordi informaci\u00f3 sobre la seva visita, com l\u2019idioma i les opcions preferides, el que pot facilitar la seva pr\u00f2xima visita i fer que el lloc sigui m\u00e9s \u00fatil al personalitzar el seu contingut . Les\u2019 cookies\u2019 tenen un paper molt important, en millorar l\u2019experi\u00e8ncia de l\u2019 \u00fas del web .<\/p>\n<p>&nbsp;<\/p>\n<p><strong>Com s\u2019utilitzen les \u2018cookies\u2019 ?\u00a0<\/strong><\/p>\n<p>&nbsp;<\/p>\n<p>En navegar per aquest portal web l\u2019usuari est\u00e0 acceptant que es puguin instal\u00b7lar cookies al seu terminal i que ens permeten con\u00e8ixer la seg\u00fcent informaci\u00f3 :<\/p>\n<p>&nbsp;<\/p>\n<ul>\n<li>Informaci\u00f3 estad\u00edstica de l\u2019\u00fas del web .<\/li>\n<li>El \u2018login\u2019 de l\u2019usuari per mantenir la sessi\u00f3 activa en la web .<\/li>\n<li>El format del web preferent en l\u2019acc\u00e9s des de dispositius m\u00f2bils .<\/li>\n<li>Les \u00faltimes recerques realitzades en els serveis de la web i dades de personalitzaci\u00f3 d\u2019aquests serveis .<\/li>\n<li>Informaci\u00f3 sobre els anuncis que es mostren a l\u2019usuari .<\/li>\n<li>Informaci\u00f3 de les enquestes en qu\u00e8 ha participat l\u2019usuari .<\/li>\n<li>Dades de la connexi\u00f3 amb les xarxes socials per als usuaris que accedeixen amb el seu usuari de Facebook o Twitter .<\/li>\n<\/ul>\n<p>&nbsp;<\/p>\n<p><strong>Tipus de cookies utilitzades\u00a0<\/strong><\/p>\n<p>&nbsp;<\/p>\n<p>Aquest web utilitza tant cookies temporals de sessi\u00f3 com \u2018cookies\u2019 permanents . Les \u2018cookies\u2019 de sessi\u00f3 emmagatzemen dades \u00fanicament mentre l\u2019usuari accedeix a la web i les galetes permanents s\u2019emmagatzemen les dades en el terminal perqu\u00e8 siguin accedits i utilitzats en m\u00e9s d\u2019una sessi\u00f3 .<\/p>\n<p>&nbsp;<\/p>\n<p>Segons la finalitat per a la qual es tractin les dades obtingudes a trav\u00e9s de les \u2018cookies \u2018, el web pot utilitzar:<\/p>\n<p>&nbsp;<\/p>\n<p><strong>Cookies t\u00e8cniques<\/strong><\/p>\n<p>&nbsp;<\/p>\n<p>S\u00f3n aquelles que permeten a l\u2019usuari la navegaci\u00f3 a trav\u00e9s de la p\u00e0gina web o aplicaci\u00f3 i la utilitzaci\u00f3 de les diferents opcions o serveis que en ella existeixen . Per exemple, controlar el tr\u00e0nsit i la comunicaci\u00f3 de dades, identificar la sessi\u00f3, accedir a les parts web d\u2019acc\u00e9s restringit, recordar els elements que integren una comanda, realitzar la sol\u00b7licitud d\u2019inscripci\u00f3 o participaci\u00f3 en un esdeveniment, utilitzar elements de seguretat durant la navegaci\u00f3 i emmagatzemar continguts per a la difusi\u00f3 de v\u00eddeos o so .<\/p>\n<p>&nbsp;<\/p>\n<p><strong>Cookies de personalitzaci\u00f3\u00a0<\/strong><\/p>\n<p>&nbsp;<\/p>\n<p>S\u00f3n aquelles que permeten a l\u2019usuari accedir al servei amb algunes caracter\u00edstiques de car\u00e0cter general predefinides en el seu terminal o que el propi usuari defineixi . Per exemple, l\u2019idioma, el tipus de navegador a trav\u00e9s del qual accedeix al servei, el disseny de continguts seleccionat, geolocalitzaci\u00f3 del terminal i la configuraci\u00f3 regional des d\u2019on s\u2019accedeix al servei.<\/p>\n<p>&nbsp;<\/p>\n<p><strong>Cookies publicit\u00e0ries\u00a0<\/strong><\/p>\n<p>&nbsp;<\/p>\n<p>S\u00f3n aquelles que permeten la gesti\u00f3 efica\u00e7 dels espais publicitaris que s\u2019han incl\u00f2s a la p\u00e0gina web o aplicaci\u00f3 des de la qual es presta el servei . Permeten adequar el contingut de la publicitat perqu\u00e8 aquesta sigui rellevant per a l\u2019usuari i per evitar mostrar anuncis que l\u2019usuari ja hagi vist.<\/p>\n<p>&nbsp;<\/p>\n<p><strong>Cookies d\u2019an\u00e0lisi estad\u00edstica\u00a0<\/strong><\/p>\n<p>&nbsp;<\/p>\n<p>S\u00f3n aquelles que permeten fer el seguiment i an\u00e0lisi del comportament dels usuaris en els llocs web . La informaci\u00f3 recollida mitjan\u00e7ant aquest tipus de cookies s\u2019utilitza en el mesurament de l\u2019activitat dels llocs web, aplicaci\u00f3 o plataforma i per a l\u2019elaboraci\u00f3 de perfils de navegaci\u00f3 dels usuaris d\u2019aquests llocs, per tal d\u2019introduir millores en el servei en funci\u00f3 de les dades d\u2019\u00fas que fan els usuaris.<\/p>\n<p>&nbsp;<\/p>\n<p><strong>Cookies de tercers\u00a0<\/strong><\/p>\n<p>&nbsp;<\/p>\n<p>En algunes p\u00e0gines web es poden instal\u00b7lar cookies de tercers que permeten gestionar i millorar els serveis oferts . Com per exemple, serveis estad\u00edstics de Google Analytics i Comscore.<\/p>\n<p>&nbsp;<\/p>\n<p><strong>Com administrar \u2018cookies\u2019 al navegador ?\u00a0<\/strong><\/p>\n<p>&nbsp;<\/p>\n<p>L\u2019usuari t\u00e9 l\u2019opci\u00f3 de permetre, bloquejar o eliminar les cookies instal\u00b7lades en el seu equip mitjan\u00e7ant la configuraci\u00f3 de les opcions del navegador en el vostre terminal :<\/p>\n<p>&nbsp;<\/p>\n<p>Per ajustar els permisos relacionats amb les \u2018cookies\u2019 al navegador<strong>\u00a0Google Chrome<\/strong>\u00a0:<\/p>\n<ul>\n<li>Fer clic al men\u00fa situat a la barra d\u2019 eines .<\/li>\n<li>Seleccionar Configuraci\u00f3 .<\/li>\n<li>Fer clic a Mostar opcions avan\u00e7ades .<\/li>\n<li>A la secci\u00f3 \u2018Privacitat\u2019 fer clic al bot\u00f3 Configuraci\u00f3 de contingut .<\/li>\n<li>A la secci\u00f3 de galetes es poden configurar les opcions .<\/li>\n<\/ul>\n<p>&nbsp;<\/p>\n<p>Per ajustar els permisos relacionats amb les \u2018cookies\u2019 al navegador\u00a0<strong>Mozilla Firefox\u00a0<\/strong>:<\/p>\n<ul>\n<li>A la part superior de la finestra del Firefox fer clic al men\u00fa Eines .<\/li>\n<li>Seleccionar Opcions .<\/li>\n<li>Seleccionar el panell Privacitat.<\/li>\n<li>En l\u2019opci\u00f3 Firefox podr\u00e0 triar Utilitza una configuraci\u00f3 personalitzada per l\u2019historial per a configurar les opcions .<\/li>\n<\/ul>\n<p>&nbsp;<\/p>\n<p>Per ajustar els permisos relacionats amb les \u2018cookies\u2019 a\u00a0<strong>Internet Explorer 9<\/strong>:<\/p>\n<ul>\n<li>A la part superior de la finestra d\u2019Internet Explorer fer clic al men\u00fa Eines .<\/li>\n<li>Seleccionar la pestanya de Seguretat i utilitzar l\u2019opci\u00f3 Suprimeix l\u2019historial d\u2019exploraci\u00f3 per eliminar les \u2018cookies\u2019 . Activar la casella galetes i, a continuaci\u00f3, fer clic a Suprimeix.<\/li>\n<li>Seleccionar la pestanya de Seguretat i accedir a Configuraci\u00f3 . Moure el control lliscant totalment cap amunt per bloquejar totes les galetes o totalment avall per permetre totes les \u2018cookies\u2019 . Despr\u00e9s d\u2019aix\u00f2, fer clic a D\u2019acord .<\/li>\n<\/ul>\n<p>&nbsp;<\/p>\n<p>En cas de bloquejar l\u2019\u00fas de cookies en el seu navegador \u00e9s possible que alguns serveis o funcionalitats de la p\u00e0gina web no estiguin disponibles .\u00a0En alguns navegadors es poden configurar regles espec\u00edfiques per administrar galetes per lloc web, el que ofereix un control m\u00e9s prec\u00eds sobre la privacitat . Aix\u00f2 significa que es pot desactivar\u2019 cookies\u2019 de tots els llocs excepte d\u2019aquells en els quals es confi\u00ef .[\/vc_column_text][\/vc_column][\/vc_row]\n","protected":false},"excerpt":{"rendered":"<p>[vc_row type=\u00bbin_container\u00bb full_screen_row_position=\u00bbmiddle\u00bb column_margin=\u00bbdefault\u00bb column_direction=\u00bbdefault\u00bb column_direction_tablet=\u00bbdefault\u00bb column_direction_phone=\u00bbdefault\u00bb scene_position=\u00bbcenter\u00bb text_color=\u00bbdark\u00bb text_align=\u00bbleft\u00bb row_border_radius=\u00bbnone\u00bb row_border_radius_applies=\u00bbbg\u00bb overlay_strength=\u00bb0.3&#8243; gradient_direction=\u00bbleft_to_right\u00bb shape_divider_position=\u00bbbottom\u00bb&#8230;<\/p>\n","protected":false},"author":3,"featured_media":0,"parent":0,"menu_order":0,"comment_status":"closed","ping_status":"closed","template":"","meta":{"footnotes":""},"class_list":["post-8484","page","type-page","status-publish"],"_links":{"self":[{"href":"https:\/\/www.asme.cat\/cemlaverneda\/wp-json\/wp\/v2\/pages\/8484","targetHints":{"allow":["GET"]}}],"collection":[{"href":"https:\/\/www.asme.cat\/cemlaverneda\/wp-json\/wp\/v2\/pages"}],"about":[{"href":"https:\/\/www.asme.cat\/cemlaverneda\/wp-json\/wp\/v2\/types\/page"}],"author":[{"embeddable":true,"href":"https:\/\/www.asme.cat\/cemlaverneda\/wp-json\/wp\/v2\/users\/3"}],"replies":[{"embeddable":true,"href":"https:\/\/www.asme.cat\/cemlaverneda\/wp-json\/wp\/v2\/comments?post=8484"}],"version-history":[{"count":3,"href":"https:\/\/www.asme.cat\/cemlaverneda\/wp-json\/wp\/v2\/pages\/8484\/revisions"}],"predecessor-version":[{"id":11642,"href":"https:\/\/www.asme.cat\/cemlaverneda\/wp-json\/wp\/v2\/pages\/8484\/revisions\/11642"}],"wp:attachment":[{"href":"https:\/\/www.asme.cat\/cemlaverneda\/wp-json\/wp\/v2\/media?parent=8484"}],"curies":[{"name":"wp","href":"https:\/\/api.w.org\/{rel}","templated":true}]}}